 17. Let u(f) = -7*c(f) - 2*m(f). Suppose -3*v - 24 = 2*h, 4*v = 2*h - 6 + 2. Determine u(h).
5
Let x be (-4)/(-12)*(5 + -4 - 4). Let b(t) be the first derivative of t**5/10 - t**4/24 - t**2 - 2. Let s(a) be the second derivative of b(a). What is s(x)?
7
Let o(x) = -2*x**2 - x - 11. Let g(i) be the second derivative of -i**4/12 - i**3/6 - 5*i**2/2 + 3*i. Let h(s) = 5*g(s) - 2*o(s). Determine h(-2).
-1
Let v(s) = s**2 - 3*s. Let n be v(3). Suppose -2*b + 6 = -n*b. Suppose b = j + 2. Let f(d) = 2*d**3 - d. What is f(j)?
1
Let r(l) = 60*l - 60*l - l**2 + 2*l**2. Let b(n) = -n**2 - 8*n - 4. Let k be b(-7). Suppose k*g + 6 = -5*i, 2*g + 6 = i + 5*g. What is r(i)?
9
Let t(n) = n**2 - 5*n + 2. Let l(y) = 3*y**2 - 24*y + 7. Let h be l(8). Give t(h).
16
Let x(w) = w**3 + 6*w**2 + 6*w - 1. Let b(k) = -2*k**3 - 17*k**2 + 10*k + 4. Let o be b(-9). Determine x(o).
-6
Let j(i) = i**2 + 11*i - 11. Let n(k) = -2*k**2 - 23*k + 21. Let b(g) = -5*j(g) - 2*n(g). Suppose 4*a = -4*y - 40, 0 = -2*a - y - 4*y - 20. Determine b(a).
3
Let q(n) be the second derivative of -n**4/12 - n**3/6 - n**2/2 - n. Let w = 13019 - 13019. Calculate q(w).
-1
Let t(s) be the first derivative of -s**4/4 - s**3/3 - s**2 + 87. Determine t(-2).
8
Let y(f) = f**2 - 10*f - 13. Let x(d) = 13*d + 232. Let z be x(-17). Calculate y(z).
-2
Let x be 1*(-6 + 3 + -5). Let m(r) = -r + 2. Let f(b) = 3*b - 25. Let o(n) = f(n) + 4*m(n). Give o(x).
-9
Let i(z) = 1. Let l(s) = -2 + 5 - 12 - 3 + 3*s. Let b(m) = -12*i(m) - l(m). Give b(2).
-6
Suppose 0 = -3*s + 3 - 12. Let t(i) = 3*i**3 - 8*i**2 - 1. Let u(n) = -5*n**3 + 15*n**2 + 2. Let z(g) = -7*t(g) - 4*u(g). Give z(s).
-10
Let o = 6 - 5. Let x(v) be the first derivative of -17*v**3/3 + v**2/2 - v - 179. Give x(o).
-17
Let b(k) = k - 69 + 141 - 69. Give b(-14).
-11
Let r(g) = g**2. Let t(k) = -k**3 - 4*k**2 - k + 4. Let z(c) = 6*r(c) + t(c). Suppose -227*w = -229*w + 6. Give z(w).
-8
Let g(s) be the second derivative of -s**5/60 + 5*s**4/24 + 2*s**3/3 - 7*s. Let z(d) be the second derivative of g(d). Calculate z(-4).
13
Let l(s) be the third derivative of -s**6/120 - s**5/15 + s**4/24 + s**3/3 + s**2. Let o(g) = 2*g**2 - 3*g - 4. Let h be o(0). Determine l(h).
-2
Let x(q) = q**3 - 5*q**2 - 7*q + 3. Let f be x(6). Let z(g) be the first derivative of 1/2*g**2 - 7 + 0*g. Give z(f).
-3
Let o(d) = -d**3 + 8*d**2 + 6. Let h be o(8). Suppose c + 10 = h*c. Let w(m) = -3*m**2 + 2*m**2 + m**3 - m**2 - 1 + 7*m**c. What is w(-5)?
-1
Suppose -2*i - 2*y - 10 = 0, 4*i + 14 = 2*i - 4*y. Let o(d) = 4*d - 4. Let b(f) = f. Let u be (-1 + -1)/((-20)/50). Let k(g) = u*b(g) - o(g). Calculate k(i).
1
Let t(o) = -3*o + 9. Let y be t(8). Let a = y + 25. Let c = 12 - a. Let q(m) = -m. What is q(c)?
-2
Let f(a) = a**3 + 32*a**2 + 32*a + 34. Let n = 972 + -1003. Determine f(n).
3
Let k(c) = -1179*c + 1 + 1174*c + 31. What is k(7)?
-3
Let w(i) be the first derivative of i**3/3 + 2*i**2 - 7*i - 134. What is w(-6)?
5
Let a be 4/14 + 8020/(-140). Let k = a + 52. Let r(d) = -d**3 - 6*d**2 - 6*d. Calculate r(k).
5
Let p(r) = -8*r + 18. Let x = 7 + -4. Calculate p(x).
-6
Suppose 0 = 5*w + 4*j + 13, -4*w + 3*j + 20 = 49. Let l = w - -7. Let d(o) be the third derivative of -o**5/30 + o**4/24 + o**3/6 + 1196*o**2. Give d(l).
-5
Let b(j) = -j**2 + j + 2. Suppose -3 = -2*h + 3*y - 5, h - 2*y = -2. Let l be 0 + (16/2)/(-2). Let v = l + h. Calculate b(v).
-4
Let n(m) = -m**3 - 2*m**2 + 2*m - 2. Let z = 21 - 21. Suppose z = -f + 6*f + 15. Let j be n(f). Let h(o) = 6*o**3 - 2*o**2 + 1. What is h(j)?
5
Let r(n) = 4*n - 1. Let d(b) be the third derivative of -b**4/12 + 11*b**3/6 + 6*b**2. Let w be d(5). Give r(w).
3
Suppose -2*l + 6 = -0*l + 2*g, -27 = -5*l + g. Let p(r) = 2*r**3 - 9*r**2 - 3*r + 3. Let d be p(l). Let m(c) = -3 + d + 9*c + c**2 - c. Determine m(-7).
3
Let t(h) = -h**2 + 5*h + 6. Let w(r) = 3*r**3 + 3*r**2 - 3*r + 1. Let z be w(1). Let b be (-1)/z + 273/52 - -2. Give t(b).
-8
Let w(u) = 67*u - 6*u**2 + 69*u + 74*u + 73*u + 1 - 284*u. Determine w(2).
-25
Let o(s) = 9*s**3 + 4*s**2 - 3*s - 3. Let f(t) = 13*t**3 + 3*t**2 - 4*t - 8. Let c(j) = 2*f(j) - 3*o(j). Suppose 4*d - 2 = -26. Give c(d).
-13
Let a(n) be the first derivative of 11*n**2/2 - 1. Let x = -263 + 264. Determine a(x).
11
Let f(h) = -25*h**2. Let y(z) = -4*z**2. Let g(q) = -6*f(q) + 35*y(q). Suppose -4*r - 5*m = -11, 0 = 5*r - 5*m + 18 + 2. Determine g(r).
10
Let g(n) = 7 + 5*n + 2*n - 2*n - 4*n. Let v = -45 - -40. What is g(v)?
2
Let w(f) = -f**2 - f. Suppose 4*k - k = 0. Let r(c) = c**3 + c. Let a be r(k). Suppose a*l - b = l + 5, -2*l + 3*b + 10 = 0. What is w(l)?
0
Let x(f) = -f**3 + 3*f**2 - 3*f + 6. Suppose -32*m - 15 = -37*m. Determine x(m).
-3
Let j(n) = 2*n**3 + 8*n**2. Suppose 5*d + 7*l + 10 = 12*l, -2*d + l = 6. What is j(d)?
0
Let w(q) = -2*q + 8. Suppose 14*m + 3 = 87. What is w(m)?
-4
Let b be -2*(6 - (-80)/(-10)). Let x(t) = 3*t**2 - 4*t + 5. Determine x(b).
37
Let k(d) be the first derivative of -d**4/4 - 5*d**3/3 - d**2 - d - 76. Give k(-5).
9
Let m(a) = a**3 - 3*a + 6. Let n be m(2). Let q(y) = y**2 - 9*y + 13. Calculate q(n).
5
Let h(f) = -2*f**3 - 3*f**2 - 16*f + 5. Let n(y) = 3*y**3 + 8*y**2 + 30*y - 11. Let d(r) = 5*h(r) + 3*n(r). Give d(10).
-8
Let v(o) = 1 - 6 + 21 + o - 15. Suppose -4*b = -0*b + 3*r + 11, 3*r - 19 = 2*b. Calculate v(b).
-4
Let q(d) = -d**2 + 9*d - 10. Let u(i) = 2*i**2 - 18*i + 20. Let p be 12/2*1/(-3). Let j(n) = p*u(n) - 5*q(n). Let f be 16/64 - 54/(-8). Determine j(f).
-4
Let w(b) = 19 + b + 5*b**2 - 31 + 13. What is w(-1)?
5
Let d(c) = c**3 - 5*c**2 - 5*c - 5. Suppose 3*a = 7*a - 3*g - 25, -35 = -5*a + 5*g. Suppose a*b + 7 + 1 = 0. Let u be -10*b*3/10. Calculate d(u).
1
Let x(m) = 21*m + 28*m - 29*m + 71 - 27*m. What is x(10)?
1
Let g(r) be the first derivative of -3*r**2/2 + 36*r + 504. Determine g(14).
-6
Let l be (13 + -14)/(2*1/(-10)). Suppose -19 = 3*b + l. Let d(c) = c**2 + 9*c + 8. Determine d(b).
0
Let w(s) = -s**2 - 4*s + 3. Suppose -4*d - 5*u - 13 = 3, -3*u - 16 = 4*d. Give w(d).
3
Suppose 5*r - 2 = -4*x + 3, 2*x + 15 = r. Let a be (x - -8)*(-4)/6. Let t(f) = 2*f**2 + 5*f + 6. Let o be t(a). Let g(j) = j**2 - 5*j - 1. Give g(o).
-5
Let v(j) = -1 - 5*j**2 + 7 - 3 - 7 + 8*j + 3*j**2. Determine v(5).
-14
Suppose 5*q + 16 = c, c + q - 15 = 13. Suppose -r + 4*g - c = 0, g - 4*g = -15. Let p(s) = 7 + s + 0*s + 0*s. Give p(r).
1
Let l(s) = -s**3 + s**2 - s - 8. Suppose 0 = -3*j + b + 64, 0 = 4*j + 3*b - 48 - 33. Let k = -21 + j. Determine l(k).
-8
Let p(o) be the third derivative of o**4/8 - o**3 - 48*o**2 - 4. What is p(12)?
30
Let t(n) = -n. Suppose y = 1, 12*j - 17*j - 19 = y. Calculate t(j).
4
Let u(p) be the third derivative of p**5/60 - p**4/6 + p**3/6 + p**2. Let h(y) be the first derivative of y**2 + 39*y + 23. Let x be h(-18). Determine u(x).
-2
Let o(q) = 28*q**2 + 28*q**2 - 90*q**2 + 19*q**2 + 21*q**2 + q + 2. Determine o(-2).
24
Let m(u) = -u + 288 + 288 - 568. Suppose -3*r + 20 = -r. Suppose -r = n - 3*n. Give m(n).
3
Let f(q) = -q**3 + q**2 + 4*q. Let g be (-8)/6*12 - 0. Let v = g + 7. Let z = v + 12. What is f(z)?
-6
Let m be 3 + (3 - 6)/((-5)/20 - -1). Let y(u) = u + 4. Let r(d) = -d - 9. Let s(b) = 3*r(b) + 7*y(b). Determine s(m).
-3
Let p(i) = 3*i**2 + 2*i - 24. Let r(b) = -b**2 - b + 3. Let y(j) = -p(j) - 7*r(j). Determine y(-3).
24
Let a(l) = -4*l**2 - 16*l - 7. Let b(n) = -3*n**2 - 11*n - 4. Let y(o) = 5*a(o) - 7*b(o). Give y(6).
11
Let m(d) = -2*d + 6. Let g(n) = -3*n + 5. Let k(h) = 6*g(h) - 5*m(h). Calculate k(-3).
24
Let w = 1 + 0. Let x be w/(3*4/24). Let p(u) = -4*u**2 + u**2 + 13*u**3 - u + 3*u**x. Calculate p(1).
12
Let m(d) = d**2 + d + 3. Let u be m(-2). Suppose 8*b + 21 = u. Let o(q) = 7*q + 3. Give o(b).
-11
Let x = 93 + -95. Let z(v) = 6*v - v + 0 - 2. Calculate z(x).
-12
Let m(q) = -q + 26. Let y(n) = n**2 + 35*n + 280. Let w be y(-24). Give m(w).
10
Let a(u) = 10*u**2 + 1. Suppose l = 5 - 2. Suppose 0 = -s + 5, 0 = 3*o - l*s - s + 5. Suppose 5*t - 12 = 4*f - 2*f, -4*t + 13 = -o*f. What is a(f)?
11
Let g(x) = -6*x**2 - 23*x + 2. Let j be g(-4). Let v be -4*((-28)/16 - j). Let h(k) = 0*k - 13*k**2 + 0*k + k. What is h(v)?
-14
Let s(n) = n**2 - 2*n**2 + 1390 - 2784 + 1394. Calculate s(1).
-1
Let x be (-7)/(9/6 + -2). Let u(y) = -4*y - y*